by 17.
9
What is the remainder when 3708 is divided by 143?
133
Calculate the remainder when 347 is divided by 70.
67
What is the remainder when 117 is divided by 30?
27
Calculate the remainder when 536 is divided by 127.
28
What is the remainder when 189 is divided by 89?
11
What is the remainder when 245 is divided by 65?
50
Calculate the remainder when 1038 is divided by 26.
24
Calculate the remainder when 180 is divided by 27.
18
What is the remainder when 797 is divided by 16?
13
Calculate the remainder when 322 is divided by 42.
28
What is the remainder when 1147 is divided by 14?
13
What is the remainder when 220 is divided by 13?
12
Calculate the remainder when 2357 is divided by 17.
11
Calculate the remainder when 21 is divided by 6.
3
Calculate the remainder when 703 is divided by 24.
7
Calculate the remainder when 701 is divided by 3.
2
Calculate the remainder when 1252 is divided by 37.
31
Calculate the remainder when 501 is divided by 286.
215
Calculate the remainder when 823 is divided by 136.
7
What is the remainder when 129 is divided by 65?
64
Calculate the remainder when 850 is divided by 4.
2
What is the remainder when 1236 is divided by 263?
184
What is the remainder when 149 is divided by 14?
9
Calculate the remainder when 175 is divided by 15.
10
Calculate the remainder when 239 is divided by 227.
12
Calculate the remainder when 1247 is divided by 157.
148
Calculate the remainder when 292 is divided by 128.
36
What is the remainder when 913 is divided by 209?
77
What is the remainder when 3230 is divided by 147?
143
What is the remainder when 40 is divided by 30?
10
Calculate the remainder when 6011 is divided by 301.
292
What is the remainder when 76 is divided by 54?
22
What is the remainder when 146 is divided by 23?
8
Calculate the remainder when 1209 is divided by 393.
30
What is the remainder when 30536 is divided by 13?
12
What is the remainder when 2694 is divided by 35?
34
Calculate the remainder when 81 is divided by 19.
5
Calculate the remainder when 125 is divided by 21.
20
Calculate the remainder when 75 is divided by 49.
26
What is the remainder when 17 is divided by 16?
1
What is the remainder when 225 is divided by 19?
16
What is the remainder when 200 is divided by 111?
89
What is the remainder when 246 is divided by 52?
38
What is the remainder when 85 is divided by 67?
18
What is the remainder when 1759 is divided by 19?
11
Calculate the remainder when 6520 is divided by 96.
88
Calculate the remainder when 752 is divided by 28.
24
What is the remainder when 2037 is divided by 631?
144
Calculate the remainder when 97 is divided by 25.
22
Calculate the remainder when 1049 is divided by 34.
29
What is the remainder when 139 is divided by 96?
43
Calculate the remainder when 13 is divided by 13.
0
What is the remainder when 1783 is divided by 51?
49
Calculate the remainder when 1941 is divided by 243.
240
Calculate the remainder when 662 is divided by 84.
74
What is the remainder when 15736 is divided by 43?
41
What is the remainder when 66 is divided by 63?
3
Calculate the remainder when 59 is divided by 17.
8
What is the remainder when 2387 is divided by 795?
2
What is the remainder when 251 is divided by 27?
8
Calculate the remainder when 368 is divided by 74.
72
Calculate the remainder when 301 is divided by 103.
95
Calculate the remainder when 1404 is divided by 1404.
0
Calculate the remainder when 27 is divided by 11.
5
Calculate the remainder when 167 is divided by 55.
2
Calculate the remainder when 103 is divided by 5.
3
Calculate the remainder when 208 is divided by 19.
18
Calculate the remainder when 647 is divided by 21.
17
Calculate the remainder when 45 is divided by 39.
6
What is the remainder when 76 is divided by 65?
11
What is the remainder when 1581 is divided by 12?
9
Calculate the remainder when 976 is divided by 14.
10
Calculate the remainder when 1187 is divided by 31.
9
What is the remainder when 267 is divided by 148?
119
Calculate the remainder when 176 is divided by 65.
46
What is the remainder when 177 is divided by 34?
7
Calculate the remainder when 169 is divided by 50.
19
What is the remainder when 40 is divided by 22?
18
Calculate the remainder when 1517 is divided by 95.
92
Calculate the remainder when 863 is divided by 28.
23
Calculate the remainder when 814 is divided by 34.
32
What is the remainder when 605 is divided by 14?
3
Calculate the remainder when 55 is divided by 19.
17
Calculate the remainder when 80 is divided by 12.
8
Calculate the remainder when 160 is divided by 7.
6
Calculate the remainder when 218 is divided by 107.
4
Calculate the remainder when 1493 is divided by 63.
44
Calculate the remainder when 128 is divided by 54.
20
What is the remainder when 627 is divided by 88?
11
What is the remainder when 3128 is divided by 57?
50
What is the remainder when 21266 is divided by 139?
138
What is the remainder when 661 is divided by 37?
32
What is the remainder when 798 is divided by 135?
123
Calculate the remainder when 14507 is divided by 13.
12
Calculate the remainder when 74 is divided by 40.
34
Calculate the remainder when 752 is divided by 29.
27
What is the remainder when 2309 is divided by 33?
32
Calculate the remainder when 236 is divided by 40.
36
What is the remainder when 29698 is divided by 17?
16
What is the remainder when 153 is divided by 12?
9
Calculate the remainder when 42 is divided by 16.
10
What is the remainder when 1463 is divided by 183?
182
What is the remainder when 208 is divided by 82?
44
Calculate the remainder when 104 is divided by 59.
45
What is the remainder when 57 is divided by 9?
3
What is the remainder when 38 is divided by 19?
0
What is the remainder when 4669 is divided by 1555?
4
Calculate the remainder when 295 is divided by 53.
30
Calculate the remainder when 95 is divided by 53.
42
What is the remainder when 484 is divided by 80?
4
What is the remainder when 15 is divided by 8?
7
What is the remainder when 1834 is divided by 165?
19
Calculate the remainder when 2759 is divided by 345.
344
Calculate the remainder when 917 is divided by 64.
21
Calculate the remainder when 212 is divided by 45.
32
Calculate the remainder when 2009 is divided by 13.
7
What is the remainder when 218 is divided by 102?
14
What is the remainder when 348 is divided by 65?
23
Calculate the remainder when 42 is divided by 19.
4
Calculate the remainder when 766 is divided by 12.
10
Calculate the remainder when 4610 is divided by 53.
52
What is the remainder when 422 is divided by 5?
2
What is the remainder when 1303 is divided by 439?
425
Calculate the remainder when 525 is divided by 48.
45
What is the remainder when 929 is divided by 155?
154
What is the remainder when 1176 is divided by 206?
146
What is the remainder when 5177 is divided by 14?
11
Calculate the remainder when 1182 is divided by 199.
187
Calculate the remainder when 2075 is divided by 104.
99
What is the remainder when 229 is divided by 11?
9
Calculate the remainder when 591 is divided by 37.
36
Calculate the remainder when 229 is divided by 38.
1
What is the remainder when 157 is divided by 122?
35
Calculate the remainder when 12593 is divided by 247.
243
Calculate the remainder when 968 is divided by 10.
8
What is the remainder when 316 is divided by 6?
4
Calculate the remainder when 464 is divided by 23.
4
Calculate the remainder when 145 is divided by 51.
43
Calculate the remainder when 174 is divided by 114.
60
Calculate the remainder when 3151 is divided by 194.
47
What is the remainder when 8 is divided by 7?
1
What is the remainder when 56 is divided by 29?
27
Calculate the remainder when 489 is divided by 82.
79
What is the remainder when 361 is divided by 333?
28
Calculate the remainder when 100 is divided by 13.
9
Calculate the remainder when 445 is divided by 273.
172
Calculate the remainder when 93 is divided by 12.
9
Calculate the remainder when 90 is divided by 23.
21
What is the remainder when 266 is divided by 15?
11
Calculate the remainder when 234 is divided by 49.
38
What is the remainder when 565 is divided by 63?
61
Calculate the remainder when 139 is divided by 7.
6
What is the remainder when 1855 is divided by 913?
29
Calculate the remainder when 60 i